t of 185167?
6
What is the hundreds digit of 745?
7
What is the hundreds digit of 75943?
9
What is the thousands digit of 172367?
2
What is the tens digit of 149286?
8
What is the tens digit of 2642?
4
What is the hundreds digit of 640?
6
What is the hundreds digit of 2188?
1
What is the units digit of 39534?
4
What is the tens digit of 5813?
1
What is the tens digit of 1986?
8
What is the units digit of 7510?
0
What is the thousands digit of 23012?
3
What is the thousands digit of 1481?
1
What is the units digit of 60569?
9
What is the thousands digit of 32294?
2
What is the units digit of 57389?
9
What is the units digit of 117?
7
What is the tens digit of 4949?
4
What is the tens digit of 967?
6
What is the hundreds digit of 8000?
0
What is the hundreds digit of 7788?
7
What is the tens digit of 1460?
6
What is the ten thousands digit of 31328?
3
What is the units digit of 6575?
5
What is the tens digit of 1189?
8
What is the tens digit of 3449?
4
What is the units digit of 2315?
5
What is the thousands digit of 1515?
1
What is the thousands digit of 17013?
7
What is the units digit of 1789?
9
What is the thousands digit of 1917?
1
What is the ten thousands digit of 79410?
7
What is the hundreds digit of 893?
8
What is the units digit of 56489?
9
What is the thousands digit of 1264?
1
What is the units digit of 1235?
5
What is the units digit of 15736?
6
What is the units digit of 6220?
0
What is the tens digit of 19108?
0
What is the units digit of 40525?
5
What is the hundreds digit of 49138?
1
What is the tens digit of 91?
9
What is the units digit of 447?
7
What is the tens digit of 10152?
5
What is the tens digit of 13716?
1
What is the thousands digit of 1305?
1
What is the units digit of 6610?
0
What is the hundreds digit of 134925?
9
What is the tens digit of 132749?
4
What is the units digit of 1445?
5
What is the hundreds digit of 80349?
3
What is the thousands digit of 2572?
2
What is the ten thousands digit of 121255?
2
What is the units digit of 1485?
5
What is the units digit of 1469?
9
What is the hundred thousands digit of 121291?
1
What is the tens digit of 1758?
5
What is the units digit of 869?
9
What is the hundreds digit of 4325?
3
What is the thousands digit of 7091?
7
What is the tens digit of 109249?
4
What is the thousands digit of 7504?
7
What is the thousands digit of 2157?
2
What is the ten thousands digit of 54778?
5
What is the hundreds digit of 10097?
0
What is the hundreds digit of 231?
2
What is the thousands digit of 1931?
1
What is the thousands digit of 62667?
2
What is the ten thousands digit of 31517?
3
What is the tens digit of 54147?
4
What is the units digit of 17486?
6
What is the thousands digit of 31570?
1
What is the thousands digit of 34079?
4
What is the ten thousands digit of 11111?
1
What is the tens digit of 487?
8
What is the hundreds digit of 17398?
3
What is the thousands digit of 34629?
4
What is the units digit of 6733?
3
What is the hundred thousands digit of 120923?
1
What is the hundreds digit of 1511?
5
What is the thousands digit of 9474?
9
What is the ten thousands digit of 63668?
6
What is the units digit of 70150?
0
What is the tens digit of 162?
6
What is the units digit of 2765?
5
What is the tens digit of 6261?
6
What is the hundreds digit of 46609?
6
What is the tens digit of 45927?
2
What is the thousands digit of 4702?
4
What is the ten thousands digit of 45068?
4
What is the ten thousands digit of 23952?
2
What is the ten thousands digit of 12826?
1
What is the units digit of 70005?
5
What is the units digit of 35124?
4
What is the tens digit of 44786?
8
What is the units digit of 132779?
9
What is the units digit of 1594?
4
What is the tens digit of 2102?
0
What is the tens digit of 77633?
3
What is the tens digit of 51465?
6
What is the hundreds digit of 114193?
1
What is the tens digit of 1265?
6
What is the hundreds digit of 1092?
0
What is the hundreds digit of 215?
2
What is the tens digit of 46325?
2
What is the tens digit of 1285?
8
What is the tens digit of 45358?
5
What is the units digit of 21078?
8
What is the thousands digit of 56931?
6
What is the hundreds digit of 138?
1
What is the thousands digit of 35046?
5
What is the tens digit of 652?
5
What is the hundreds digit of 802?
8
What is the tens digit of 66?
6
What is the units digit of 7506?
6
What is the ten thousands digit of 11523?
1
What is the hundreds digit of 83689?
6
What is the hundreds digit of 7126?
1
What is the hundred thousands digit of 134357?
1
What is the tens digit of 211?
1
What is the units digit of 1298?
8
What is the ten thousands digit of 16318?
1
What is the units digit of 1180?
0
What is the hundreds digit of 2150?
1
What is the units digit of 1455?
5
What is the units digit of 12590?
0
What is the units digit of 307?
7
What is the thousands digit of 1255?
1
What is the units digit of 7387?
7
What is the thousands digit of 5653?
5
What is the hundreds digit of 31711?
7
What is the hundreds digit of 11294?
2
What is the tens digit of 2791?
9
What is the units digit of 214?
4
What is the hundreds digit of 5724?
7
What is the tens digit of 2226?
2
What is the thousands digit of 3025?
3
What is the tens digit of 1189?
8
What is the tens digit of 1747?
4
What is the tens digit of 167?
6
What is the thousands digit of 29138?
9
What is the thousands digit of 24953?
4
What is the tens digit of 2138?
3
What is the hundreds digit of 58589?
5
What is the hundreds digit of 18528?
5
What is the units digit of 150814?
4
What is the tens digit of 39037?
3
What is the thousands digit of 6319?
6
What is the thousands digit of 1746?
1
What is the ten thousands digit of 21185?
2
What is the ten thousands digit of 63731?
6
What is the units digit of 681?
1
What is the thousands digit of 13457?
3
What is the thousands digit of 3082?
3
What is the units digit of 63?
3
What is the hundreds digit of 1073?
0
What is the units digit of 1337?
7
What is the hundreds digit of 1798?
7
What is the thousands digit of 2788?
2
What is the units digit of 61836?
6
What is the units digit of 11547?
7
What is the thousands digit of 1762?
1
What is the thousands digit of 16922?
6
What is the tens digit of 3053?
5
What is the tens digit of 24175?
7
What is the hundreds digit of 885?
8
What is the hundreds digit of 32952?
9
What is the thousands digit of 2843?
2
What is the ten thousands digit of 43696?
4
What is the units digit of 914?
4
What is the hundreds digit of 34760?
7
What is the tens digit of 310?
1
What is the units digit of 8142?
2
What is the tens digit of 1289?
8
What is the tens digit of 739?
3
What is the hundreds digit of 1364?
3
What is the hundreds digit of 1023?
0
What is the tens digit of 343?
4
What is the thousands digit of 2917?
2
What is the hundreds digit of 20118?
1
What is the hundreds digit of 2342?
3
What is the units digit of 55146?
6
What is the tens digit of 6414?
1
What is the thousands digit of 1657?
1
What is the units digit of 518?
8
What is the hundreds digit of 3302?
3
What is the tens digit of 99764?
6
What is the units digit of 2314?
4
What is the tens digit of 3692?
9
What is the units digit of 16?
6
What is the tens digit of 3578?
7
What is the tens digit of 359?
5
What is the units digit of 10038?
8
What is the tens digit of 3880?
8
What is the units digit of 21537?
7
What is the thousands digit of 4585?
4
What is the tens digit of 925?
2
What is the units digit of 7777?
7
What is the ten thousands digit of 26673?
2
What is the units digit of 7275?
5
What is the units digit of 3660?
0
What is the hundreds digit of 3613?
6
What is the units digit of 409?
9
What is the thousands digit of 128791?
8
What is the units digit of 445?
5
What is the units digit of 7619?
9
What is the hundreds digit of 794?
7
What is the thousands digit of 2227?
2
What is the ten thousands digit of 24468?
2
What is the tens digit of 47589?
8
What is the units digit of 88224?
4
What is the hundreds digit of 327?
3
What is the units digit of 10093?
3
What is the hundreds digit of 30878?
8
What is the thousands digit of 23728?
3
What is the hundreds digit of 45527?
5
What is the thousands digit of 12678?
2
What is the units digit of 27654?
4
What is the hundreds digit of 21484?
4
What is the tens digit 